Give f(7).
10
Let u(q) be the third derivative of -q**5/60 - 7*q**4/24 - q**3/3 - 2*q**2. Give u(-6).
4
Let c be (-14)/6*(-1 + 4). Let t = 12 + c. Let k(l) = -l + 4. Calculate k(t).
-1
Let r(p) = 15*p + 11. Let y(j) = 22*j + 17. Let t(g) = -7*r(g) + 5*y(g). Determine t(-6).
-22
Let c(q) = -4*q**3 - q**2 + 1. Let g(o) = -o**2 + 8*o - 5. Let r be g(7). Suppose 2*x + w - 4 = 0, r*w = -x - x + 6. Let p be (-1)/(-1)*(x - 2). Calculate c(p).
4
Let o(w) be the third derivative of -w**5/60 + w**3/3 - 3*w**2. Calculate o(0).
2
Let l(r) = 2*r - 7. Let x be l(7). Let a(y) = 2*y - 5. Let s(d) = -3*d + 7. Let w(n) = x*a(n) + 5*s(n). Calculate w(2).
-2
Let w be (-6)/9*(-162)/(-12). Let x(v) = -v**3 - 9*v**2 + 11. What is x(w)?
11
Let u(q) = 4*q**2 + 16*q**3 - 4 - 11*q**3 - 4*q**3. Calculate u(-4).
-4
Let m(u) be the first derivative of -3*u**5/40 + u**4/24 + u**3/3 - 3. Let o(j) be the third derivative of m(j). Suppose -2 = 3*w - 5*w. What is o(w)?
-8
Let u(t) = -4*t**3 - 10*t**2 - 7*t + 1. Let c(f) = -f**3 - 3*f**2 - 2*f. Let l(v) = -7*c(v) + 2*u(v). Suppose 5*h - 5 + 1 = -2*k, 3*h = -k + 2. Calculate l(h).
2
Suppose 7 - 53 = -4*u + g, 5*u - 5*g - 50 = 0. Let z(i) = u - 3*i - i**3 - i + 0*i**3 - 10 + 6*i**2. Let x(s) = s + 7. Let l be x(-5). Determine z(l).
10
Let u(o) = -o + 8. Let z(q) = 3*q - 24. Let y(s) = -8*u(s) - 3*z(s). Give y(6).
2
Let a(n) = n**3 + 3*n**2 + 3*n - 1. Let d be 12/(-9)*(-9)/2. Suppose 0 = -4*w + 24 + 36. Suppose d*v + w = v. Calculate a(v).
-10
Let p(u) = u**2 + 2*u + 1. Let f(r) = 2*r - 16. Let m be f(7). Calculate p(m).
1
Let h(q) = -q + 2. Let k = 28 + -26. Suppose 5*f - 2*i = 0, 0 = -k*f - 0*i + 2*i. Calculate h(f).
2
Suppose 11 = -3*a + 29. Let b(q) be the second derivative of -q**5/20 + 5*q**4/12 + q**3 + 5*q**2/2 + 22*q. Determine b(a).
5
Let g(k) = k**3 + 9*k**2 + 8*k - 6. Let z be (-3)/(-3 + (27/8 - 0)). What is g(z)?
-6
Let g(z) = -z**3 + 4*z**2 - 2*z + 6. Let t = -10 - -23. Suppose t = -2*r + 3. Let o = r - -9. Determine g(o).
-2
Let c(v) = v**3 - 6*v**2 + 7*v - 4. Suppose 3 + 12 = 3*t. Suppose 0 = -3*f - f. Suppose 4*m = -3*z - t, z + 0*z - 5*m - 30 = f. Determine c(z).
6
Let o be (-2)/8 - 9/(-4). Let z(w) = -6 - 3 + 7 + 3*w. What is z(o)?
4
Let k(x) = -x**2 - 5*x + 2. Suppose -v = 2*v - 9. Let o be -2 + -2 - 0/v. Calculate k(o).
6
Let r(x) = x**3 + 4*x**2 - 2*x - 3. Let u(j) = -j. Let o be u(-2). Suppose o*h - 8 = 4*n, -3*n - 2*n = 20. Determine r(h).
5
Let d(m) = 2*m - 3. Let f = 59 - 57. Calculate d(f).
1
Suppose -4*s + 6 = -14. Let x = -2 - -2. Let y(m) = 14 - 4 - m + x*m. Give y(s).
5
Let w(f) = -8*f - 5. Let i(n) = n + 1. Let p(s) = 6*i(s) + w(s). Let u = 1 + -1. Suppose -3*j - j + 8 = u. Calculate p(j).
-3
Let h(r) be the second derivative of -r**4/12 + 3*r**2/2 + 6*r. Calculate h(0).
3
Let v(c) be the first derivative of 7*c**4/4 + 2*c**3/3 - c**2 + c + 3. Calculate v(1).
8
Let r(w) = -6*w + 3. Let y(s) = -7*s + 4. Let i(l) = 4*r(l) - 3*y(l). Let x(g) = g**3 - 4*g**2 + g + 4. Let o be x(3). Determine i(o).
6
Suppose 4*a + 2*v - 38 = v, 3*a - 29 = -v. Let t(z) = -z**2 + 7*z + 12. What is t(a)?
-6
Let r(j) = -j**2 - 6. Suppose -n + 69 = -4*n. Let a be 4/(-8) + n/(-2). Let p(s) = -s**3 + 10*s**2 + 11*s. Let i be p(a). What is r(i)?
-6
Let z(v) = v**2 + 7*v - 7. Let f be z(-8). Suppose 4*p - 13 = -f. Let o(t) = 5*t**2 - 9*t**2 - t - 4 + 4*t + t**p. What is o(3)?
-4
Let u(z) be the second derivative of z**5/20 - 7*z**4/12 + 2*z**3/3 - 3*z**2/2 - 12*z. Give u(6).
-15
Let l(y) = 8*y + 1. Let b(r) = r. Let h(t) = -2*b(t) + l(t). Suppose -5*x + 10 = -3*j + 2, 4*j = 4*x - 8. Calculate h(j).
-5
Let f(o) = 8 - 2 - 4 - 2*o. What is f(5)?
-8
Let t(g) = -g**2 - 6*g - 7. Suppose 6 = u + 4*r, 18 = -0*u - 2*u + 2*r. Determine t(u).
-7
Let o(l) = l**2 - 14*l - 3. Let p(w) = 2*w**2 - 27*w - 7. Let k(i) = -11*o(i) + 6*p(i). Give k(8).
-9
Let w(s) = -s**2 + 13*s - 7. Let g be w(12). Suppose -g - 10 = 3*h. Let z = 7 + h. Let y(i) = 2*i - 1. Calculate y(z).
3
Suppose 2*f + 2*h = 4, -3*f = -2*f - h - 2. Let t(k) = k**3 + 6*k**f - 6*k - 17*k**2 + 8*k**2 + 3. Determine t(4).
-5
Let b(s) = -s**3 + 476*s**2 - 1 - 235*s**2 + 4*s - 236*s**2. Let x be 2 + 4*-1 + 8. Give b(x).
-13
Let h(q) = -4*q - 1. Let n be (-52)/8*(-3 + 1). Let z = -14 + n. Give h(z).
3
Let h = -3 + 6. Let g(z) = 0*z + 3*z + 0*z - h - z. Give g(4).
5
Let p(t) = 5*t**2 - 4*t. Let d(b) = -b**2 + b. Let c(m) = -3*d(m) - p(m). Let l = 63 - 62. Calculate c(l).
-1
Let y(h) = 2*h**2 + 4*h + 3. Let v be y(-2). Let b(p) = 3*p**2 + 4*p + 3*p**v - 5*p**3 + p**3 + 2 + p**2. What is b(5)?
-3
Let g(b) = -3*b + 7 + b**2 + b - 3*b. Suppose 31 = 4*z - 49. Suppose -z = -6*h + 2*h. Determine g(h).
7
Let j(a) = a**2 + a + 7. Let t(m) = 3 - 7*m**2 - 5 + 6*m**2 + 3*m. Let x be t(2). Calculate j(x).
7
Suppose 4*a = -3*y + 13, -4*a + 2*a - 1 = -y. Let u(d) = -2*d - 3 + 3 - y + 6. What is u(6)?
-9
Let g = 21 - 15. Let a(k) = 9*k**2 - 2*k + 3*k - k**3 + 3 - 7*k - 2*k**2. What is a(g)?
3
Suppose -4*q - 24 = s, 2*s + 10 = -3*s + 2*q. Let m(o) = 6*o - 5. Let g(z) = -5*z + 4. Let l(v) = -5*g(v) - 4*m(v). Calculate l(s).
-4
Let k(j) be the second derivative of 3*j**5/10 + j**4/12 - j**3/6 - j**2/2 - 39*j. What is k(-1)?
-5
Suppose -9*i = -13*i - 20. Let v(q) = -q**3 - 5*q**2 - 2*q - 7. Let t(s) = 2*s**3 + 10*s**2 + 4*s + 15. Let c(r) = -2*t(r) - 5*v(r). Calculate c(i).
-5
Let y = 3 - -3. Let j = 10 - y. Let p be (-14)/49 + j/14. Let g(q) = -q - 9. Determine g(p).
-9
Let k(q) = 1 + 5*q - q + q**2 - 2*q. Let z(s) = -s**2 + 7*s - 4. Let n be z(7). Let a be (-12)/3*(-2)/n. Calculate k(a).
1
Let y(i) be the third derivative of -i**6/120 + 11*i**5/60 - i**3/6 + 3*i**2. Let t be y(11). Let f(z) = 6*z - 1. Give f(t).
-7
Suppose -3*l + 1 + 5 = 0. Let c be 104/28 - l/(-7). Let i(t) = -t**2 + 2*t**2 - 3*t + 1 - t. What is i(c)?
1
Let q(i) = -5*i + 2 + 0*i + 0*i + i**2 - 2*i**2. Determine q(-4).
6
Let n(p) = 7*p**3 + 12*p**2 + 6*p - 8. Let d(l) = -13*l**3 - 23*l**2 - 11*l + 15. Let b(z) = 6*d(z) + 11*n(z). What is b(-6)?
2
Suppose -28 = -4*z - 4. Suppose -z*c - 15 = -c. Let n(r) be the second derivative of r**3/3 + r**2 + r. Give n(c).
-4
Let d(y) = -y**2 - 8 - 4*y - 3*y - 2*y - 2. Suppose 11 + 10 = -3*u. Give d(u).
4
Let h(n) = 5*n - 3. Let d(m) = -m. Let s(a) = 6*d(a) + h(a). Let r(q) be the third derivative of -q**5/15 + q**4/24 - q**3/6 + q**2. Let v be r(1). Give s(v).
1
Let m(c) = c**3 + 9*c**2 + 4. Let s be m(-9). Let t(g) = 1 - 3*g + s*g + 0*g. Give t(6).
7
Let a(w) be the third derivative of 0 + 2/3*w**3 + 1/24*w**4 - 5*w**2 + 0*w. What is a(-5)?
-1
Suppose 9 - 4 = -n. Let a(m) = 4*m**2 + 9*m. Let l(b) = -5*b**2 - 10*b. Let t(o) = n*l(o) - 6*a(o). Let q = 14 - 9. Give t(q).
5
Let k(b) = 2 - 1 + 2 + 0 - 7*b. What is k(2)?
-11
Let y(r) = -r**2 + 0*r**2 + 4 + r + 2*r. Let g be y(4). Let c(l) = -l**2 - 2 - l + 2*l + g*l**2. Determine c(2).
-4
Let l(o) = -o - 2. Let b = 28 + -19. Suppose -4*d = -2*s - 2, d = -d - s - b. Calculate l(d).
0
Let q(x) = x**2 - 2*x - 2. Let c(z) = 2*z. Let j be c(-3). Let k = -2 - j. Calculate q(k).
6
Let q(c) = 9*c + 1. Let s be (-23 - -26) + (-3 - -1). What is q(s)?
10
Let k(b) = -4*b**2 - 2*b - 4. Let r(c) = 3*c**2 + 3*c + 4. Let s(i) = 4*k(i) + 5*r(i). What is s(8)?
-4
Let u(m) = -20 - m**2 + 2*m + 38 - 20. Let p(l) = -l**2 + 5*l - 3. Let t be p(3). Calculate u(t).
-5
Let i(u) = -4*u**2 - 7. Let h be i(0). Let q(p) = p**3 + 9*p**2 + 11*p + 4. Give q(h).
25
Suppose -c - 56 = -5*b - 18, 2*b + 2*c = 20. Let y be 14/b + 4/16. Suppose z - y = 2*o + 5, -5*z - 2*o - 25 = 0. Let a(p) = p**2 + 2*p + 1. Give a(z).
4
Let a(z) = -z - 6. Suppose 3*r + 12 = 6*r. Suppose -t + r*t = 0. Calculate a(t).
-6
Let d(k) be the first derivative of 0*k**2 - 3*k + 1 + 1/3*k**3 + 1/4*k**4. Calculate d(0).
-3
Let w(q) = q**3 + 10*q**2 + 8*q - 7. Let x be w(-9). Let k(r) = 2*r + 2*r**3 + 2*r**x + 0*r + 2 - r**3 + 0*r. What is k(-3)?
-13
Let g(d) be the second derivative of d - d**2 + 1/6*d**3 + 0. Let o(l) = l**2 + 10*l - 75. Let a be o(5). Calculate g(a).
-2
Let z(u) be the first derivative of 1/3*u**3 + 0*u**2 - 2 + 10*u. Calculate z(0).
10
Let a(u) be the first derivative of -2*u**3/3 + 7*u**2/2 - 4*u + 1. Let j(f) = 2*f**2 + 8*f + 12. Let q be j(-2). Calculate a(q).
-8
Let q(u) = -4*u + 3*u + 360 - 35